48?
12
Calculate the highest common factor of 2470 and 325.
65
What is the highest common divisor of 36 and 39132?
36
What is the greatest common factor of 1530 and 102?
102
What is the greatest common divisor of 179 and 358?
179
Calculate the greatest common factor of 1269 and 47.
47
Calculate the highest common factor of 6 and 42.
6
What is the greatest common factor of 78 and 18?
6
What is the greatest common factor of 2282 and 238?
14
What is the greatest common factor of 924 and 7?
7
Calculate the highest common divisor of 3038 and 62.
62
What is the greatest common divisor of 20 and 160?
20
Calculate the greatest common divisor of 20 and 4010.
10
Calculate the highest common divisor of 228 and 144.
12
What is the highest common divisor of 7 and 578?
1
What is the highest common factor of 6500 and 338?
26
Calculate the highest common factor of 65 and 208.
13
What is the highest common divisor of 96 and 606?
6
Calculate the greatest common divisor of 2010 and 57.
3
Calculate the greatest common divisor of 583 and 88.
11
What is the greatest common divisor of 18 and 909?
9
Calculate the greatest common divisor of 391 and 69.
23
Calculate the highest common factor of 2106 and 858.
78
Calculate the highest common factor of 351 and 3564.
27
Calculate the highest common divisor of 3932 and 4.
4
What is the highest common divisor of 576 and 216?
72
Calculate the greatest common factor of 42 and 5943.
21
Calculate the highest common factor of 440 and 3850.
110
What is the greatest common divisor of 310 and 610?
10
Calculate the greatest common factor of 294 and 3969.
147
What is the greatest common factor of 3 and 6?
3
What is the greatest common divisor of 605 and 11?
11
Calculate the greatest common factor of 1276 and 2900.
116
What is the greatest common factor of 196 and 13552?
28
What is the greatest common factor of 498 and 830?
166
Calculate the greatest common factor of 11685 and 240.
15
Calculate the greatest common factor of 3 and 471.
3
What is the highest common divisor of 64 and 72?
8
What is the greatest common divisor of 156 and 3081?
39
Calculate the highest common divisor of 986 and 116.
58
Calculate the highest common divisor of 1850 and 74.
74
Calculate the greatest common factor of 23597 and 7.
7
Calculate the highest common divisor of 245 and 35.
35
Calculate the greatest common divisor of 8 and 776.
8
What is the highest common factor of 210 and 9030?
210
What is the highest common divisor of 1176 and 7791?
147
What is the highest common factor of 33 and 297?
33
What is the highest common divisor of 33 and 12342?
33
What is the greatest common divisor of 3074 and 53?
53
What is the greatest common divisor of 95 and 19?
19
Calculate the greatest common divisor of 191 and 1.
1
Calculate the highest common divisor of 30 and 8880.
30
What is the greatest common factor of 75262 and 11?
11
Calculate the highest common divisor of 156 and 897.
39
What is the highest common divisor of 40 and 235?
5
What is the greatest common divisor of 24055 and 5?
5
Calculate the greatest common factor of 4 and 524.
4
What is the greatest common divisor of 600 and 780?
60
Calculate the highest common factor of 50 and 800.
50
Calculate the highest common divisor of 8 and 4.
4
What is the highest common factor of 133 and 38?
19
Calculate the highest common divisor of 3002 and 4187.
79
Calculate the highest common divisor of 24 and 1592.
8
What is the highest common factor of 14 and 6482?
14
What is the highest common divisor of 6 and 42?
6
Calculate the greatest common divisor of 795 and 1855.
265
Calculate the highest common factor of 1215 and 7047.
243
What is the greatest common factor of 234 and 52?
26
Calculate the highest common divisor of 57 and 6593.
19
What is the highest common factor of 27 and 1107?
27
Calculate the greatest common divisor of 1501 and 395.
79
Calculate the greatest common factor of 140 and 175.
35
Calculate the greatest common divisor of 15942 and 6.
6
What is the greatest common factor of 161 and 3910?
23
What is the highest common divisor of 492 and 82?
82
Calculate the highest common divisor of 394 and 2167.
197
Calculate the greatest common divisor of 2397 and 51.
51
Calculate the greatest common divisor of 414 and 162.
18
What is the highest common factor of 45 and 351?
9
Calculate the highest common divisor of 70 and 24640.
70
Calculate the highest common factor of 6 and 210.
6
What is the greatest common divisor of 18 and 450?
18
Calculate the greatest common factor of 1989 and 104.
13
Calculate the greatest common divisor of 18040 and 55.
55
Calculate the highest common factor of 45 and 255.
15
Calculate the highest common divisor of 238 and 40.
2
What is the greatest common factor of 39 and 2899?
13
What is the greatest common factor of 168 and 24?
24
Calculate the highest common factor of 162 and 567.
81
Calculate the greatest common divisor of 1425 and 75.
75
What is the greatest common divisor of 2041 and 611?
13
Calculate the highest common divisor of 102 and 29019.
51
What is the greatest common divisor of 95 and 1045?
95
What is the greatest common divisor of 4 and 52?
4
Calculate the greatest common divisor of 34 and 9622.
34
Calculate the highest common factor of 1334 and 736.
46
What is the greatest common divisor of 8175 and 300?
75
Calculate the greatest common divisor of 2628 and 108.
36
What is the highest common divisor of 3 and 2469?
3
What is the highest common divisor of 264 and 44?
44
What is the greatest common divisor of 7747 and 61?
61
Calculate the highest common factor of 1591 and 731.
43
Calculate the highest common factor of 68 and 374.
34
What is the greatest common divisor of 490 and 1078?
98
What is the greatest common factor of 663 and 39?
39
What is the highest common factor of 36 and 558?
18
What is the highest common divisor of 2 and 37?
1
What is the greatest common divisor of 1162 and 1494?
166
Calculate the highest common divisor of 119 and 14.
7
Calculate the highest common divisor of 8613 and 58.
29
What is the greatest common divisor of 9 and 225?
9
Calculate the greatest common factor of 20 and 10580.
20
Calculate the greatest common factor of 27 and 168.
3
Calculate the greatest common divisor of 132 and 44.
44
Calculate the highest common factor of 525 and 5625.
75
What is the highest common factor of 100 and 85?
5
What is the highest common divisor of 200 and 1150?
50
Calculate the highest common factor of 5 and 55.
5
Calculate the greatest common divisor of 23 and 4163.
23
What is the greatest common divisor of 126 and 28?
14
What is the greatest common factor of 12069 and 45?
9
Calculate the greatest common factor of 288 and 1824.
96
What is the highest common divisor of 640 and 20?
20
What is the greatest common factor of 168 and 294?
42
Calculate the greatest common factor of 87 and 87.
87
What is the greatest common divisor of 59 and 6313?
59
Calculate the highest common divisor of 44 and 935.
11
Calculate the greatest common factor of 376 and 799.
47
Calculate the greatest common divisor of 40 and 980.
20
What is the greatest common divisor of 3874 and 52?
26
Calculate the greatest common divisor of 91 and 1001.
91
What is the greatest common factor of 7448 and 304?
152
Calculate the highest common factor of 135 and 5.
5
Calculate the greatest common factor of 2 and 11.
1
What is the greatest common factor of 555 and 120?
15
What is the greatest common divisor of 144 and 90?
18
What is the highest common divisor of 869 and 11?
11
What is the greatest common divisor of 588 and 539?
49
What is the greatest common divisor of 5082 and 308?
154
What is the highest common divisor of 858 and 66?
66
What is the greatest common divisor of 340 and 40?
20
Calculate the highest common factor of 870 and 20.
10
Calculate the highest common factor of 385 and 55.
55
What is the greatest common divisor of 17 and 85?
17
What is the greatest common factor of 35 and 385?
35
Calculate the highest common divisor of 88 and 896.
8
Calculate the highest common divisor of 170 and 20.
10
Calculate the greatest common divisor of 119 and 5831.
119
What is the highest common factor of 28 and 42?
14
Calculate the greatest common divisor of 4059 and 99.
99
Calculate the highest common divisor 